{"id":202,"date":"2020-01-08T21:21:35","date_gmt":"2020-01-08T21:21:35","guid":{"rendered":"http:\/\/lmbq.net\/dev\/?page_id=202"},"modified":"2026-01-25T17:04:09","modified_gmt":"2026-01-25T22:04:09","slug":"joueurs-autonomes","status":"publish","type":"page","link":"http:\/\/lmbq.net\/dev\/joueurs-autonomes\/","title":{"rendered":"Joueurs autonomes"},"content":{"rendered":"\n<div class=\"wp-block-columns hide is-layout-flex wp-container-core-columns-is-layout-9d6595d7 wp-block-columns-is-layout-flex\">\n<div class=\"wp-block-column is-layout-flow wp-block-column-is-layout-flow\">\n<p>Cliquez ici pour acc\u00e9der \u00e0 la page S\u00e9ance des joueurs autonomes et conna\u00eetre quels joueurs sont en attente d&rsquo;une offre. Des instructions pour la s\u00e9ance se retrouve <a href=\"http:\/\/lmbq.net\/dev\/instructions-pour-les-joueurs-autonomes\/\" data-type=\"page\" data-id=\"3912\">ici<\/a>. <\/p>\n\n\n\n<div class=\"wp-block-buttons is-horizontal is-content-justification-center is-layout-flex wp-container-core-buttons-is-layout-499968f5 wp-block-buttons-is-layout-flex\">\n<div class=\"wp-block-button\"><a class=\"wp-block-button__link wp-element-button\" href=\"http:\/\/lmbq.net\/dev\/seance-joueurs-autonomes\/\">S\u00e9ance des joueurs autonomes<\/a><\/div>\n<\/div>\n\n\n\n<div style=\"height:25px\" aria-hidden=\"true\" class=\"wp-block-spacer\"><\/div>\n<\/div>\n\n\n\n<div class=\"wp-block-column is-layout-flow wp-block-column-is-layout-flow\">\n<p>Cliquez ici pour obtenir une copie Google Sheets de la calculatrice pour les joueurs autonomes.<\/p>\n\n\n\n<div class=\"wp-block-buttons is-horizontal is-content-justification-center is-layout-flex wp-container-core-buttons-is-layout-499968f5 wp-block-buttons-is-layout-flex\">\n<div class=\"wp-block-button\"><a class=\"wp-block-button__link wp-element-button\" href=\"https:\/\/docs.google.com\/spreadsheets\/d\/13YzO-ZgoHSoFs4WkBT5ja9OOgzZj-79SvDUFFgewrSM\/copy\" target=\"_blank\" rel=\"noreferrer noopener\">Calculatrice<\/a><\/div>\n<\/div>\n\n\n\n<div style=\"height:25px\" aria-hidden=\"true\" class=\"wp-block-spacer\"><\/div>\n<\/div>\n<\/div>\n\n\n\n<div class=\"wp-block-buttons is-layout-flex wp-block-buttons-is-layout-flex\">\n<div class=\"wp-block-button is-style-outline is-style-outline--1\"><a class=\"wp-block-button__link wp-element-button\" href=\"https:\/\/lmbq.net\/dev\/seance-joueurs-autonomes\/\" style=\"border-radius:10px\">S\u00e9ance des joueurs autonomes<\/a><\/div>\n\n\n\n<div class=\"wp-block-button is-style-outline is-style-outline--2\"><a class=\"wp-block-button__link wp-element-button\" href=\"https:\/\/lmbq.net\/dev\/instructions-pour-les-joueurs-autonomes\/\" style=\"border-radius:10px\">Instructions<\/a><\/div>\n\n\n\n<div class=\"wp-block-button is-style-outline is-style-outline--3\"><a class=\"wp-block-button__link wp-element-button\" href=\"https:\/\/docs.google.com\/spreadsheets\/d\/13YzO-ZgoHSoFs4WkBT5ja9OOgzZj-79SvDUFFgewrSM\/copy\" style=\"border-radius:10px\" target=\"_blank\" rel=\"noreferrer noopener nofollow\">Calculatrice<\/a><\/div>\n\n\n\n<div class=\"wp-block-button is-style-outline is-style-outline--4\"><a class=\"wp-block-button__link wp-element-button\" href=\"https:\/\/lmbq.net\/dev\/historique-des-joueurs-autonomes\/\" style=\"border-radius:10px\">Historique<\/a><\/div>\n<\/div>\n\n\n\n<div style=\"height:49px\" aria-hidden=\"true\" class=\"wp-block-spacer\"><\/div>\n\n\n\n<h3 class=\"wp-block-heading\">Compensation pour les joueurs autonomes<\/h3>\n\n\n\n<table id=\"tablepress-2\" class=\"tablepress tablepress-id-2\" aria-describedby=\"tablepress-2-description\">\n<thead>\n<tr class=\"row-1\">\n\t<th class=\"column-1\">Offre de<\/th><th class=\"column-2\">Jusqu'\u00e0<\/th><th class=\"column-3\">Compensation<\/th>\n<\/tr>\n<\/thead>\n<tbody class=\"row-striping row-hover\">\n<tr class=\"row-2\">\n\t<td class=\"column-1\">61001 K$<\/td><td class=\"column-2\">et plus<\/td><td class=\"column-3\">2e choix<\/td>\n<\/tr>\n<tr class=\"row-3\">\n\t<td class=\"column-1\">40001 K$<\/td><td class=\"column-2\">60000 K$<\/td><td class=\"column-3\">3e choix<\/td>\n<\/tr>\n<tr class=\"row-4\">\n\t<td class=\"column-1\">30001 K$<\/td><td class=\"column-2\">40000 K$<\/td><td class=\"column-3\">4e choix<\/td>\n<\/tr>\n<tr class=\"row-5\">\n\t<td class=\"column-1\">20001 K$<\/td><td class=\"column-2\">30000 K$<\/td><td class=\"column-3\">5e choix<\/td>\n<\/tr>\n<tr class=\"row-6\">\n\t<td class=\"column-1\">10001 K$<\/td><td class=\"column-2\">20000 K$<\/td><td class=\"column-3\">6e choix<\/td>\n<\/tr>\n<tr class=\"row-7\">\n\t<td class=\"column-1\">0 K$<\/td><td class=\"column-2\">10000 K$<\/td><td class=\"column-3\">7e choix<\/td>\n<\/tr>\n<\/tbody>\n<\/table>\n<span id=\"tablepress-2-description\" class=\"tablepress-table-description tablepress-table-description-id-2\">*Pour les joueurs autonomes dont le contrat se termine en 2025<\/span>\n<!-- #tablepress-2 from cache -->\n\n\n\n<div class=\"wp-block-group\"><div class=\"wp-block-group__inner-container is-layout-flow wp-block-group-is-layout-flow\">\n<p><\/p>\n\n\n\n<p><strong>Calcul de l&rsquo;offre: Salaire pour la prochaine saison + Boni + 25% du salaire par ann\u00e9e de contrat (sauf pour la 1\u00e8re ann\u00e9e de contrat).<\/strong><\/p>\n\n\n\n<p>Exemple: Joueur avec salaire de 10000 K$<\/p>\n\n\n\n<p>Offre de 3 ans avec boni de 5000 K$<br>Valeur de l&rsquo;offre: 10000 K$ + 5000 K$ + 2 x 25% x 10000 K$ = 20000 K$<\/p>\n\n\n\n<p>Les \u00e9chelles sont r\u00e9parties de la fa\u00e7on suivante:<\/p>\n\n\n\n<ul class=\"wp-block-list\">\n<li>Si l&rsquo;offre est sup\u00e9rieur \u00e0 30% de la moyenne des salaires des clubs de la ligue Nationale, la compensation est un 2e choix.<\/li>\n\n\n\n<li>Si l&rsquo;offre est sup\u00e9rieur \u00e0 20% de la moyenne des salaires des clubs de la ligue Nationale, la compensation est un 3e choix.<\/li>\n\n\n\n<li>Si l&rsquo;offre est sup\u00e9rieur \u00e0 15% de la moyenne des salaires des clubs de la ligue Nationale, la compensation est un 4e choix.<\/li>\n\n\n\n<li>Si l&rsquo;offre est sup\u00e9rieur \u00e0 10% de la moyenne des salaires des clubs de la ligue Nationale, la compensation est un 5e choix.<\/li>\n\n\n\n<li>Si l&rsquo;offre est sup\u00e9rieur \u00e0 5% de la moyenne des salaires des clubs de la ligue Nationale, la compensation est un 6e choix.<\/li>\n\n\n\n<li>La compensation est un 7e choix pour le reste.<\/li>\n<\/ul>\n\n\n\n<p>Ici la moyenne des salaires des clubs de la LN ne tient pas compte du coefficient de 1,3 qui est appliqu\u00e9 pour obtenir la moyenne pour la LMBQ.<\/p>\n<\/div><\/div>\n\n\n\n<h3 class=\"wp-block-heading\">Joueurs autonomes potentiels<\/h3>\n\n\n\n\n\n\n<p><\/p>\n","protected":false},"excerpt":{"rendered":"<p>Cliquez ici pour acc\u00e9der \u00e0 la page S\u00e9ance des joueurs autonomes et conna\u00eetre quels joueurs sont en attente d&rsquo;une offre. &hellip; <a href=\"http:\/\/lmbq.net\/dev\/joueurs-autonomes\/\" class=\"more-link\">Continue reading <span class=\"screen-reader-text\">Joueurs autonomes<\/span><\/a><\/p>\n","protected":false},"author":1,"featured_media":0,"parent":0,"menu_order":0,"comment_status":"closed","ping_status":"closed","template":"page-templates\/full-width.php","meta":{"footnotes":""},"class_list":["post-202","page","type-page","status-publish","hentry"],"_links":{"self":[{"href":"http:\/\/lmbq.net\/dev\/wp-json\/wp\/v2\/pages\/202","targetHints":{"allow":["GET"]}}],"collection":[{"href":"http:\/\/lmbq.net\/dev\/wp-json\/wp\/v2\/pages"}],"about":[{"href":"http:\/\/lmbq.net\/dev\/wp-json\/wp\/v2\/types\/page"}],"author":[{"embeddable":true,"href":"http:\/\/lmbq.net\/dev\/wp-json\/wp\/v2\/users\/1"}],"replies":[{"embeddable":true,"href":"http:\/\/lmbq.net\/dev\/wp-json\/wp\/v2\/comments?post=202"}],"version-history":[{"count":36,"href":"http:\/\/lmbq.net\/dev\/wp-json\/wp\/v2\/pages\/202\/revisions"}],"predecessor-version":[{"id":4933,"href":"http:\/\/lmbq.net\/dev\/wp-json\/wp\/v2\/pages\/202\/revisions\/4933"}],"wp:attachment":[{"href":"http:\/\/lmbq.net\/dev\/wp-json\/wp\/v2\/media?parent=202"}],"curies":[{"name":"wp","href":"https:\/\/api.w.org\/{rel}","templated":true}]}}