{"id":305,"date":"2020-01-16T19:09:50","date_gmt":"2020-01-16T19:09:50","guid":{"rendered":"http:\/\/lmbq.net\/dev\/?page_id=305"},"modified":"2025-03-10T18:32:03","modified_gmt":"2025-03-10T23:32:03","slug":"repechage","status":"publish","type":"page","link":"http:\/\/lmbq.net\/dev\/repechage\/","title":{"rendered":"Rep\u00eachage"},"content":{"rendered":"\n<p><\/p>\n\n\n\n<p>Pour conna\u00eetre les joueurs rep\u00each\u00e9s et les prochaines \u00e9quipes qui devront faire leur choix, consultez la page S\u00e9ance de rep\u00eachage <\/p>\n\n\n\n<div class=\"wp-block-buttons is-layout-flex wp-block-buttons-is-layout-flex\">\n<div class=\"wp-block-button\"><a class=\"wp-block-button__link no-border-radius wp-element-button\" href=\"http:\/\/lmbq.net\/dev\/outil-repechage\/\" rel=\"\">S\u00e9ance de rep\u00eachage<\/a><\/div>\n<\/div>\n\n\n\n<p><\/p>\n\n\n\n<div style=\"height:50px\" aria-hidden=\"true\" class=\"wp-block-spacer\"><\/div>\n\n\n\n<h3 class=\"wp-block-heading\">Choix par \u00e9quipe<\/h3>\n\n\n<table id=\"igsv-1odBUhYRuuLB0LysVEgR-GnQvoESckY1f-R9E7uJCYrc\" class=\"igsv-table table\" lang=\"fr-CA\" style=\"\" data-auto-width='true' data-info='false' data-ordering='false' data-paging='false' data-searching='false' data-order='[[ 1, &quot;asc&quot; ]]' ><thead>\n<tr id=\"igsv-1odBUhYRuuLB0LysVEgR-GnQvoESckY1f-R9E7uJCYrc-row-1\" class=\"row-1 odd\"><th class=\"col-1 odd\"><div><\/div><\/th><th class=\"col-2 even\"><div>\u00c9quipe<\/div><\/th><th class=\"col-3 odd\"><div>1<\/div><\/th><th class=\"col-4 even\"><div>2<\/div><\/th><th class=\"col-5 odd\"><div>3<\/div><\/th><th class=\"col-6 even\"><div>4<\/div><\/th><th class=\"col-7 odd\"><div>5<\/div><\/th><th class=\"col-8 even\"><div>6<\/div><\/th><th class=\"col-9 odd\"><div>7<\/div><\/th><th class=\"col-10 even\"><div>8<\/div><\/th><th class=\"col-11 odd\"><div>9<\/div><\/th><th class=\"col-12 even\"><div>10<\/div><\/th><th class=\"col-13 odd\"><div>11<\/div><\/th><th class=\"col-14 even\"><div>12<\/div><\/th><\/tr><\/thead><tbody>\n<tr id=\"igsv-1odBUhYRuuLB0LysVEgR-GnQvoESckY1f-R9E7uJCYrc-row-2\" class=\"row-2 even\"><td class=\"col-1 odd\">25<\/td><td class=\"col-2 even\">Atlanta<\/td><td class=\"col-3 odd\"><\/td><td class=\"col-4 even\"><\/td><td class=\"col-5 odd\"><\/td><td class=\"col-6 even\"><\/td><td class=\"col-7 odd\"><\/td><td class=\"col-8 even\"><\/td><td class=\"col-9 odd\"><\/td><td class=\"col-10 even\"><\/td><td class=\"col-11 odd\">24<\/td><td class=\"col-12 even\"><\/td><td class=\"col-13 odd\"><\/td><td class=\"col-14 even\"><\/td><\/tr><tr id=\"igsv-1odBUhYRuuLB0LysVEgR-GnQvoESckY1f-R9E7uJCYrc-row-3\" class=\"row-3 odd\"><td class=\"col-1 odd\">20<\/td><td class=\"col-2 even\">Chicago<\/td><td class=\"col-3 odd\"><\/td><td class=\"col-4 even\"><\/td><td class=\"col-5 odd\"><\/td><td class=\"col-6 even\"><\/td><td class=\"col-7 odd\"><\/td><td class=\"col-8 even\"><\/td><td class=\"col-9 odd\"><\/td><td class=\"col-10 even\"><\/td><td class=\"col-11 odd\"><\/td><td class=\"col-12 even\"><\/td><td class=\"col-13 odd\"><\/td><td class=\"col-14 even\"><\/td><\/tr><tr id=\"igsv-1odBUhYRuuLB0LysVEgR-GnQvoESckY1f-R9E7uJCYrc-row-4\" class=\"row-4 even\"><td class=\"col-1 odd\">22<\/td><td class=\"col-2 even\">Cincinnati <\/td><td class=\"col-3 odd\"><\/td><td class=\"col-4 even\"><\/td><td class=\"col-5 odd\"><\/td><td class=\"col-6 even\"><\/td><td class=\"col-7 odd\"><\/td><td class=\"col-8 even\"><\/td><td class=\"col-9 odd\"><\/td><td class=\"col-10 even\"><\/td><td class=\"col-11 odd\"><\/td><td class=\"col-12 even\"><\/td><td class=\"col-13 odd\"><\/td><td class=\"col-14 even\"><\/td><\/tr><tr id=\"igsv-1odBUhYRuuLB0LysVEgR-GnQvoESckY1f-R9E7uJCYrc-row-5\" class=\"row-5 odd\"><td class=\"col-1 odd\">19<\/td><td class=\"col-2 even\">Los Angeles<\/td><td class=\"col-3 odd\"><\/td><td class=\"col-4 even\"><\/td><td class=\"col-5 odd\"><\/td><td class=\"col-6 even\"><\/td><td class=\"col-7 odd\"><\/td><td class=\"col-8 even\"><\/td><td class=\"col-9 odd\"><\/td><td class=\"col-10 even\"><\/td><td class=\"col-11 odd\"><\/td><td class=\"col-12 even\"><\/td><td class=\"col-13 odd\"><\/td><td class=\"col-14 even\"><\/td><\/tr><tr id=\"igsv-1odBUhYRuuLB0LysVEgR-GnQvoESckY1f-R9E7uJCYrc-row-6\" class=\"row-6 even\"><td class=\"col-1 odd\">15<\/td><td class=\"col-2 even\">Miami <\/td><td class=\"col-3 odd\"><\/td><td class=\"col-4 even\"><\/td><td class=\"col-5 odd\"><\/td><td class=\"col-6 even\"><\/td><td class=\"col-7 odd\"><\/td><td class=\"col-8 even\"><\/td><td class=\"col-9 odd\"><\/td><td class=\"col-10 even\"><\/td><td class=\"col-11 odd\"><\/td><td class=\"col-12 even\"><\/td><td class=\"col-13 odd\"><\/td><td class=\"col-14 even\"><\/td><\/tr><tr id=\"igsv-1odBUhYRuuLB0LysVEgR-GnQvoESckY1f-R9E7uJCYrc-row-7\" class=\"row-7 odd\"><td class=\"col-1 odd\">23<\/td><td class=\"col-2 even\">Milwaukee <\/td><td class=\"col-3 odd\"><\/td><td class=\"col-4 even\"><\/td><td class=\"col-5 odd\"><\/td><td class=\"col-6 even\"><\/td><td class=\"col-7 odd\"><\/td><td class=\"col-8 even\"><\/td><td class=\"col-9 odd\"><\/td><td class=\"col-10 even\"><\/td><td class=\"col-11 odd\"><\/td><td class=\"col-12 even\"><\/td><td class=\"col-13 odd\"><\/td><td class=\"col-14 even\"><\/td><\/tr><tr id=\"igsv-1odBUhYRuuLB0LysVEgR-GnQvoESckY1f-R9E7uJCYrc-row-8\" class=\"row-8 even\"><td class=\"col-1 odd\">28<\/td><td class=\"col-2 even\">New York<\/td><td class=\"col-3 odd\"><\/td><td class=\"col-4 even\"><\/td><td class=\"col-5 odd\"><\/td><td class=\"col-6 even\"><\/td><td class=\"col-7 odd\"><\/td><td class=\"col-8 even\"><\/td><td class=\"col-9 odd\"><\/td><td class=\"col-10 even\"><\/td><td class=\"col-11 odd\"><\/td><td class=\"col-12 even\"><\/td><td class=\"col-13 odd\"><\/td><td class=\"col-14 even\"><\/td><\/tr><tr id=\"igsv-1odBUhYRuuLB0LysVEgR-GnQvoESckY1f-R9E7uJCYrc-row-9\" class=\"row-9 odd\"><td class=\"col-1 odd\">24<\/td><td class=\"col-2 even\">Pittsburgh <\/td><td class=\"col-3 odd\"><\/td><td class=\"col-4 even\"><\/td><td class=\"col-5 odd\"><\/td><td class=\"col-6 even\"><\/td><td class=\"col-7 odd\"><\/td><td class=\"col-8 even\"><\/td><td class=\"col-9 odd\"><\/td><td class=\"col-10 even\"><\/td><td class=\"col-11 odd\"><\/td><td class=\"col-12 even\"><\/td><td class=\"col-13 odd\"><\/td><td class=\"col-14 even\"><\/td><\/tr><tr id=\"igsv-1odBUhYRuuLB0LysVEgR-GnQvoESckY1f-R9E7uJCYrc-row-10\" class=\"row-10 even\"><td class=\"col-1 odd\">30<\/td><td class=\"col-2 even\">San Diego<\/td><td class=\"col-3 odd\"><\/td><td class=\"col-4 even\"><\/td><td class=\"col-5 odd\"><\/td><td class=\"col-6 even\"><\/td><td class=\"col-7 odd\"><\/td><td class=\"col-8 even\"><\/td><td class=\"col-9 odd\"><\/td><td class=\"col-10 even\"><\/td><td class=\"col-11 odd\"><\/td><td class=\"col-12 even\"><\/td><td class=\"col-13 odd\"><\/td><td class=\"col-14 even\"><\/td><\/tr><tr id=\"igsv-1odBUhYRuuLB0LysVEgR-GnQvoESckY1f-R9E7uJCYrc-row-11\" class=\"row-11 odd\"><td class=\"col-1 odd\">26<\/td><td class=\"col-2 even\">San Francisco <\/td><td class=\"col-3 odd\"><\/td><td class=\"col-4 even\"><\/td><td class=\"col-5 odd\"><\/td><td class=\"col-6 even\"><\/td><td class=\"col-7 odd\"><\/td><td class=\"col-8 even\"><\/td><td class=\"col-9 odd\"><\/td><td class=\"col-10 even\"><\/td><td class=\"col-11 odd\"><\/td><td class=\"col-12 even\"><\/td><td class=\"col-13 odd\"><\/td><td class=\"col-14 even\"><\/td><\/tr><tr id=\"igsv-1odBUhYRuuLB0LysVEgR-GnQvoESckY1f-R9E7uJCYrc-row-12\" class=\"row-12 even\"><td class=\"col-1 odd\">29<\/td><td class=\"col-2 even\">St-Louis<\/td><td class=\"col-3 odd\"><\/td><td class=\"col-4 even\"><\/td><td class=\"col-5 odd\"><\/td><td class=\"col-6 even\"><\/td><td class=\"col-7 odd\"><\/td><td class=\"col-8 even\"><\/td><td class=\"col-9 odd\"><\/td><td class=\"col-10 even\"><\/td><td class=\"col-11 odd\"><\/td><td class=\"col-12 even\"><\/td><td class=\"col-13 odd\"><\/td><td class=\"col-14 even\"><\/td><\/tr><tr id=\"igsv-1odBUhYRuuLB0LysVEgR-GnQvoESckY1f-R9E7uJCYrc-row-13\" class=\"row-13 odd\"><td class=\"col-1 odd\">17<\/td><td class=\"col-2 even\">Washington<\/td><td class=\"col-3 odd\"><\/td><td class=\"col-4 even\"><\/td><td class=\"col-5 odd\"><\/td><td class=\"col-6 even\"><\/td><td class=\"col-7 odd\"><\/td><td class=\"col-8 even\"><\/td><td class=\"col-9 odd\"><\/td><td class=\"col-10 even\"><\/td><td class=\"col-11 odd\"><\/td><td class=\"col-12 even\"><\/td><td class=\"col-13 odd\"><\/td><td class=\"col-14 even\"><\/td><\/tr><\/tbody><\/table>\n\n\n\n<div style=\"height:50px\" aria-hidden=\"true\" class=\"wp-block-spacer\"><\/div>\n\n\n\n<h3 class=\"wp-block-heading\">Ordre de s\u00e9lection<\/h3>\n\n\n\n<p>L&rsquo;ordre du rep\u00eachage sera d\u00e9termin\u00e9 \u00e0 partir du cumulatif des trois derni\u00e8res saisons et ce \u00e0 partir du rep\u00eachage 2012. Voici le cumulatif des victoires pour les saisons pr\u00e9c\u00e9dentes: <\/p>\n\n\n<table id=\"igsv-1-10yBbIuKIyXQxLbzij93t53LeeIOSU1jy\" class=\"igsv-table table\" lang=\"fr-CA\" style=\"\" data-info='false' data-paging='false' data-searching='false' ><thead>\n<tr id=\"igsv-1-10yBbIuKIyXQxLbzij93t53LeeIOSU1jy-row-1\" class=\"row-1 odd\"><th class=\"col-1 odd\"><div>Equipe<\/div><\/th><th class=\"col-2 even\"><div>2023<\/div><\/th><th class=\"col-3 odd\"><div>2024<\/div><\/th><th class=\"col-4 even\"><div>2025<\/div><\/th><th class=\"col-5 odd\"><div>2023*<\/div><\/th><th class=\"col-6 even\"><div>2024*<\/div><\/th><th class=\"col-7 odd\"><div>2025*<\/div><\/th><th class=\"col-8 even\"><div>Total<\/div><\/th><th class=\"col-9 odd\"><div>Ronde 1<\/div><\/th><th class=\"col-10 even\"><div>Ronde 2+<\/div><\/th><\/tr><\/thead><tbody>\n<tr id=\"igsv-1-10yBbIuKIyXQxLbzij93t53LeeIOSU1jy-row-2\" class=\"row-2 even\"><td class=\"col-1 odd\">Atlanta<\/td><td class=\"col-2 even\">85<\/td><td class=\"col-3 odd\">81<\/td><td class=\"col-4 even\">75<\/td><td class=\"col-5 odd\">85.00<\/td><td class=\"col-6 even\">101.25<\/td><td class=\"col-7 odd\">112.50<\/td><td class=\"col-8 even\">298.75<\/td><td class=\"col-9 odd\">5<\/td><td class=\"col-10 even\">5<\/td><\/tr><tr id=\"igsv-1-10yBbIuKIyXQxLbzij93t53LeeIOSU1jy-row-3\" class=\"row-3 odd\"><td class=\"col-1 odd\">Chicago <\/td><td class=\"col-2 even\">95<\/td><td class=\"col-3 odd\">92<\/td><td class=\"col-4 even\">74<\/td><td class=\"col-5 odd\">95.00<\/td><td class=\"col-6 even\">115.00<\/td><td class=\"col-7 odd\">111.00<\/td><td class=\"col-8 even\">321.00<\/td><td class=\"col-9 odd\">9<\/td><td class=\"col-10 even\">4<\/td><\/tr><tr id=\"igsv-1-10yBbIuKIyXQxLbzij93t53LeeIOSU1jy-row-4\" class=\"row-4 even\"><td class=\"col-1 odd\">Cincinnati <\/td><td class=\"col-2 even\">69<\/td><td class=\"col-3 odd\">76<\/td><td class=\"col-4 even\">81<\/td><td class=\"col-5 odd\">69.00<\/td><td class=\"col-6 even\">95.00<\/td><td class=\"col-7 odd\">121.50<\/td><td class=\"col-8 even\">285.50<\/td><td class=\"col-9 odd\">4<\/td><td class=\"col-10 even\">6<\/td><\/tr><tr id=\"igsv-1-10yBbIuKIyXQxLbzij93t53LeeIOSU1jy-row-5\" class=\"row-5 odd\"><td class=\"col-1 odd\">Los Angeles <\/td><td class=\"col-2 even\">76<\/td><td class=\"col-3 odd\">92<\/td><td class=\"col-4 even\">83<\/td><td class=\"col-5 odd\">76.00<\/td><td class=\"col-6 even\">115.00<\/td><td class=\"col-7 odd\">124.50<\/td><td class=\"col-8 even\">315.50<\/td><td class=\"col-9 odd\">8<\/td><td class=\"col-10 even\">8<\/td><\/tr><tr id=\"igsv-1-10yBbIuKIyXQxLbzij93t53LeeIOSU1jy-row-6\" class=\"row-6 even\"><td class=\"col-1 odd\">Miami <\/td><td class=\"col-2 even\">68<\/td><td class=\"col-3 odd\">66<\/td><td class=\"col-4 even\">89<\/td><td class=\"col-5 odd\">68.00<\/td><td class=\"col-6 even\">82.50<\/td><td class=\"col-7 odd\">133.50<\/td><td class=\"col-8 even\">284.00<\/td><td class=\"col-9 odd\">3<\/td><td class=\"col-10 even\">9<\/td><\/tr><tr id=\"igsv-1-10yBbIuKIyXQxLbzij93t53LeeIOSU1jy-row-7\" class=\"row-7 odd\"><td class=\"col-1 odd\">Milwaukee <\/td><td class=\"col-2 even\">65<\/td><td class=\"col-3 odd\">73<\/td><td class=\"col-4 even\">96<\/td><td class=\"col-5 odd\">65.00<\/td><td class=\"col-6 even\">91.25<\/td><td class=\"col-7 odd\">144.00<\/td><td class=\"col-8 even\">300.25<\/td><td class=\"col-9 odd\">6<\/td><td class=\"col-10 even\">12<\/td><\/tr><tr id=\"igsv-1-10yBbIuKIyXQxLbzij93t53LeeIOSU1jy-row-8\" class=\"row-8 even\"><td class=\"col-1 odd\">New York <\/td><td class=\"col-2 even\">73<\/td><td class=\"col-3 odd\">60<\/td><td class=\"col-4 even\">63<\/td><td class=\"col-5 odd\">73.00<\/td><td class=\"col-6 even\">77.50<\/td><td class=\"col-7 odd\">94.50<\/td><td class=\"col-8 even\">245.00<\/td><td class=\"col-9 odd\">1<\/td><td class=\"col-10 even\">1<\/td><\/tr><tr id=\"igsv-1-10yBbIuKIyXQxLbzij93t53LeeIOSU1jy-row-9\" class=\"row-9 odd\"><td class=\"col-1 odd\">Pittsburgh <\/td><td class=\"col-2 even\">96<\/td><td class=\"col-3 odd\">99<\/td><td class=\"col-4 even\">73<\/td><td class=\"col-5 odd\">96.00<\/td><td class=\"col-6 even\">123.75<\/td><td class=\"col-7 odd\">109.50<\/td><td class=\"col-8 even\">329.25<\/td><td class=\"col-9 odd\">10<\/td><td class=\"col-10 even\">2<\/td><\/tr><tr id=\"igsv-1-10yBbIuKIyXQxLbzij93t53LeeIOSU1jy-row-10\" class=\"row-10 even\"><td class=\"col-1 odd\">San Diego<\/td><td class=\"col-2 even\">106<\/td><td class=\"col-3 odd\">90<\/td><td class=\"col-4 even\">93<\/td><td class=\"col-5 odd\">106.00<\/td><td class=\"col-6 even\">112.50<\/td><td class=\"col-7 odd\">139.50<\/td><td class=\"col-8 even\">358.00<\/td><td class=\"col-9 odd\">12<\/td><td class=\"col-10 even\">11<\/td><\/tr><tr id=\"igsv-1-10yBbIuKIyXQxLbzij93t53LeeIOSU1jy-row-11\" class=\"row-11 odd\"><td class=\"col-1 odd\">San Francisco <\/td><td class=\"col-2 even\">74<\/td><td class=\"col-3 odd\">99<\/td><td class=\"col-4 even\">91<\/td><td class=\"col-5 odd\">74.00<\/td><td class=\"col-6 even\">123.75<\/td><td class=\"col-7 odd\">136.50<\/td><td class=\"col-8 even\">334.25<\/td><td class=\"col-9 odd\">11<\/td><td class=\"col-10 even\">10<\/td><\/tr><tr id=\"igsv-1-10yBbIuKIyXQxLbzij93t53LeeIOSU1jy-row-12\" class=\"row-12 even\"><td class=\"col-1 odd\">St-Louis<\/td><td class=\"col-2 even\">66<\/td><td class=\"col-3 odd\">75<\/td><td class=\"col-4 even\">73<\/td><td class=\"col-5 odd\">66.00<\/td><td class=\"col-6 even\">93.75<\/td><td class=\"col-7 odd\">109.50<\/td><td class=\"col-8 even\">269.25<\/td><td class=\"col-9 odd\">2<\/td><td class=\"col-10 even\">2<\/td><\/tr><tr id=\"igsv-1-10yBbIuKIyXQxLbzij93t53LeeIOSU1jy-row-13\" class=\"row-13 odd\"><td class=\"col-1 odd\">Washington <\/td><td class=\"col-2 even\">99<\/td><td class=\"col-3 odd\">70<\/td><td class=\"col-4 even\">81<\/td><td class=\"col-5 odd\">99.00<\/td><td class=\"col-6 even\">87.50<\/td><td class=\"col-7 odd\">121.50<\/td><td class=\"col-8 even\">308.00<\/td><td class=\"col-9 odd\">7<\/td><td class=\"col-10 even\">6<\/td><\/tr><\/tbody><\/table>\n\n\n\n<p> * Maximum de 100 d\u00e9faites par saison. Coeffecient: 1,0 pour l&rsquo;an 1, 1,25 pour l&rsquo;an 2 et 1,5 pour l&rsquo;an 3. <\/p>\n\n\n\n<h3 class=\"wp-block-heading\">Rep\u00eachages pr\u00e9c\u00e9dents<\/h3>\n\n\n\n<p>| <a href=\"http:\/\/www.lmbq.net\/ligue\/draft\/draft2003.htm\">2003<\/a> | <a href=\"http:\/\/www.lmbq.net\/ligue\/draft\/draft2004.htm\">2004<\/a> | <a href=\"http:\/\/www.lmbq.net\/ligue\/draft\/draft2005.htm\">2005<\/a> | <a href=\"http:\/\/www.lmbq.net\/ligue\/draft\/draft2006.htm\">2006<\/a> | <a href=\"http:\/\/www.lmbq.net\/ligue\/draft\/draft2007.htm\">2007<\/a> | <a href=\"http:\/\/www.lmbq.net\/ligue\/draft\/draft2008.htm\">2008<\/a> | <a href=\"http:\/\/www.lmbq.net\/ligue\/draft\/draft2009.htm\">2009<\/a> | <a href=\"http:\/\/www.lmbq.net\/ligue\/draft\/draft2010.htm\">2010<\/a> | <a href=\"http:\/\/www.lmbq.net\/ligue\/draft\/draft2011.htm\">2011<\/a> | <a href=\"http:\/\/www.lmbq.net\/ligue\/draft\/draft2012.htm\">2012<\/a> | <a href=\"http:\/\/www.lmbq.net\/ligue\/draft\/draft2013.htm\">2013<\/a> | <a href=\"http:\/\/www.lmbq.net\/ligue\/draft\/draft2014.htm\">2014<\/a> |\u00a0<a href=\"http:\/\/www.lmbq.net\/ligue\/draft\/draft2015.htm\">2015<\/a> |\u00a0<a href=\"http:\/\/www.lmbq.net\/ligue\/draft\/draft2016.htm\">2016<\/a> | <a href=\"http:\/\/www.lmbq.net\/ligue\/draft\/draft2017.htm\">2017<\/a> | <a href=\"http:\/\/www.lmbq.net\/ligue\/draft\/draft2018.htm\">2018<\/a> | <a href=\"http:\/\/www.lmbq.net\/ligue\/draft\/draft2019.htm\">2019<\/a> | <a href=\"http:\/\/www.lmbq.net\/ligue\/draft\/draft2020.htm\" data-type=\"URL\" data-id=\"http:\/\/www.lmbq.net\/ligue\/draft\/draft2020.htm\">2020<\/a> | <a href=\"http:\/\/www.lmbq.net\/ligue\/draft\/draft2021.htm\" data-type=\"URL\" data-id=\"http:\/\/www.lmbq.net\/ligue\/draft\/draft2021.htm\">2021<\/a> | <a href=\"http:\/\/www.lmbq.net\/ligue\/draft\/draft2022.htm\" data-type=\"URL\">2022<\/a> | <a href=\"http:\/\/www.lmbq.net\/ligue\/draft\/draft2023.htm\" data-type=\"URL\">2023<\/a> | <a href=\"http:\/\/www.lmbq.net\/ligue\/draft\/draft2024.htm\" data-type=\"URL\">2024<\/a> | <a href=\"http:\/\/www.lmbq.net\/ligue\/draft\/draft2025.htm\" data-type=\"URL\">2025<\/a> |<\/p>\n","protected":false},"excerpt":{"rendered":"<p>Pour conna\u00eetre les joueurs rep\u00each\u00e9s et les prochaines \u00e9quipes qui devront faire leur choix, consultez la page S\u00e9ance de rep\u00eachage &hellip; <a href=\"http:\/\/lmbq.net\/dev\/repechage\/\" class=\"more-link\">Continue reading <span class=\"screen-reader-text\">Rep\u00eachage<\/span><\/a><\/p>\n","protected":false},"author":1,"featured_media":0,"parent":0,"menu_order":0,"comment_status":"closed","ping_status":"closed","template":"page-templates\/full-width.php","meta":{"footnotes":""},"class_list":["post-305","page","type-page","status-publish","hentry"],"_links":{"self":[{"href":"http:\/\/lmbq.net\/dev\/wp-json\/wp\/v2\/pages\/305","targetHints":{"allow":["GET"]}}],"collection":[{"href":"http:\/\/lmbq.net\/dev\/wp-json\/wp\/v2\/pages"}],"about":[{"href":"http:\/\/lmbq.net\/dev\/wp-json\/wp\/v2\/types\/page"}],"author":[{"embeddable":true,"href":"http:\/\/lmbq.net\/dev\/wp-json\/wp\/v2\/users\/1"}],"replies":[{"embeddable":true,"href":"http:\/\/lmbq.net\/dev\/wp-json\/wp\/v2\/comments?post=305"}],"version-history":[{"count":82,"href":"http:\/\/lmbq.net\/dev\/wp-json\/wp\/v2\/pages\/305\/revisions"}],"predecessor-version":[{"id":4760,"href":"http:\/\/lmbq.net\/dev\/wp-json\/wp\/v2\/pages\/305\/revisions\/4760"}],"wp:attachment":[{"href":"http:\/\/lmbq.net\/dev\/wp-json\/wp\/v2\/media?parent=305"}],"curies":[{"name":"wp","href":"https:\/\/api.w.org\/{rel}","templated":true}]}}